et i(f) = 10*f**2 - 5*f - 4. Let z(b) = m*s(b) - 11*i(b). Determine z(-1).
7
Let u be (-2 - (-12)/3) + -2. Let d(p) = p**2 + p - 5. Determine d(u).
-5
Let t(u) be the third derivative of -3*u**6/40 - u**4/12 - u**3/6 - 25*u**2. Calculate t(-1).
10
Let i(g) = g**2 - 4. Let c be ((2 - 7) + 0)*3/(-5). Give i(c).
5
Let m(i) = i + 3 + 0*i + 0 + 0. Give m(-8).
-5
Let g(q) = q**3 + 6*q**2 + q + 2. Let c = 44 + -50. Calculate g(c).
-4
Suppose -4*y = -3*y - 4. Let v be -3 + ((-8)/y)/1. Let s(q) = -q**2 - 7*q - 2. Give s(v).
8
Suppose 0 = -2*n - 16. Let a(l) = -l**2 - 8*l - 4. Calculate a(n).
-4
Let v(g) = g**2 - g - 7. Let j = -86 + 81. Give v(j).
23
Suppose 0 = -4*o + 2*o + 4. Suppose -3*a - b = 3*b + 21, o*a - b + 3 = 0. Let d(v) be the third derivative of v**4/24 - 2*v**3/3 + v**2. Give d(a).
-7
Let v(s) be the third derivative of s**6/120 + s**5/10 - s**3/2 + 9*s**2. Calculate v(-6).
-3
Let j(p) be the first derivative of -p**3/3 - p**2/2 + p + 2. Let t = -18 - -11. Let i = t - -5. Calculate j(i).
-1
Let i(p) = -14*p - 1. Suppose -5*d + 8*d + q + 8 = 0, 0 = -3*d + 3*q + 12. Determine i(d).
13
Suppose -5*x = -x + 40. Let c be 2/(-5) - 4/x. Suppose 0*v - v = c. Let q(k) = -k + 5. What is q(v)?
5
Let i(v) = 4*v**3 + 5*v**2 - v - 5. Let u(s) = 3*s**3 + 5*s**2 - 5. Let g(n) = 2*i(n) - 3*u(n). Give g(-4).
-3
Let o(n) = -n + 1. Let b(s) = 10*s + 5. Let u(h) = b(h) - 4*o(h). Determine u(1).
15
Let v(o) = 6*o**2 + 1 - 8 + 4*o - 3*o - o**3. Determine v(6).
-1
Let b(z) be the third derivative of z**6/120 + z**5/12 + 2*z**3/3 - 55*z**2. Let o be (-33)/7 - (-2)/(-7). What is b(o)?
4
Let d(p) be the third derivative of -p**5/60 - p**4/8 + 2*p**2. Let v = -4 + 7. Let b = v - 6. Determine d(b).
0
Let p be ((-18)/15)/(9/(-30)). Let s = -2 + p. Let m(w) be the first derivative of -w**4/4 + 2*w**3/3 - w**2/2 + 1. Calculate m(s).
-2
Let p(o) = -o - 1. Let m be p(-3). Let s(t) = -t**3 + 4*t**2 - 4*t + 3. Let f be s(m). Let b(r) = r**f + r**3 + 2*r - 2*r**2 - 3 + 0. Calculate b(2).
9
Let r = 11 + -9. Let p(u) be the first derivative of 7/2*u**r + 1/3*u**3 - 2 + 7*u. What is p(-5)?
-3
Let u(n) = -5*n**3 + 2*n + 1. Let c = 7 + -7. Let a(p) = p. Let m be a(-1). Let h = m + c. Calculate u(h).
4
Let y(j) be the second derivative of 1/3*j**3 - j**2 - j + 0. Calculate y(-2).
-6
Let k(x) = -5*x**2 + x. Suppose -2*w + 11 = j, 3*j = 2*j + 3*w - 9. Suppose j*h - 4 = -h. Determine k(h).
-4
Let z be 3 + (-6 - (-3 - 0)). Let i(y) = 2*y - y**3 + 2*y**2 - 3*y + z*y**2. Calculate i(3).
-12
Let s(f) = f - 2. Let u(g) = -6*g + 9. Let w(b) = -11*s(b) - 2*u(b). What is w(-7)?
-3
Suppose 0 = -5*a + 4*u + 17 - 1, 5*u = a - 20. Suppose a = 3*h - 6*h + 3. Let l(x) = -10*x + 4. Let m(q) = -29*q + 11. Let d(s) = -8*l(s) + 3*m(s). Give d(h).
-6
Let j(m) = -m**2 - 7*m + 9. Let y(i) = -i**2 - 7*i + 8. Let n(f) = -5*j(f) + 6*y(f). Let b(u) be the first derivative of n(u). What is b(-6)?
5
Suppose 5*n + 9 = 2*x, -4*x - 2 + 12 = -2*n. Suppose 5*q + x*i - 17 = 2, 0 = 3*q + 2*i - 9. Let t(u) = -u**3 + 6*u**2 - 4*u - 1. What is t(q)?
4
Let s(v) = -6*v + 10. Let j(l) = 7*l - 10. Let i(u) = -5*j(u) - 6*s(u). What is i(6)?
-4
Suppose 0 = 3*i + i - 5*j - 3, -3*i = -4*j - 1. Let b(k) = k**3 + k**2 - k. Let m(c) = -3*c**3 + 5*c**2 + 2*c - 3. Let q(f) = -2*b(f) - m(f). Give q(i).
3
Suppose o - 1 = 2. Suppose -5*r = -0*r. Let v(t) = r*t + 0*t + 0*t + 1 + t. Determine v(o).
4
Let x(c) = 4*c**3 - 6*c**3 + 31 - c**2 + 3*c**3 + 0*c**2 - c. Give x(0).
31
Let a(m) = -4*m**2 - 8. Let k(j) be the second derivative of j**4/4 - j**3/6 + 7*j**2/2 + 3*j. Let y(d) = 4*a(d) + 5*k(d). What is y(-5)?
3
Let v(d) = d**3 + 9*d**2 + 2*d + 10. Let o(j) = -3*j**2 - 10*j - 1. Let l be o(-4). Give v(l).
-8
Let n(o) be the third derivative of o**6/180 + o**5/120 - o**4/6 - 4*o**2. Let a(f) be the second derivative of n(f). Calculate a(-1).
-3
Let j(i) = 2 + 2 + 0 + i**2 + 5*i - 3*i**2. What is j(4)?
-8
Let u(m) be the third derivative of -2/3*m**3 + 2*m**2 + 0*m**4 + 0*m + 0 - 1/60*m**5. Determine u(0).
-4
Let j be 4/22 - 204/33. Suppose -4*c = -r - 29, -3*r = -0*r - 2*c + 37. Let h = r - j. Let n(p) = p**3 + 4*p**2 + p. Determine n(h).
6
Let r(z) = 2 - 2 + 6 - z. Let g(a) = a + 5. Let k be g(-5). Suppose 4*q - 3*q = k. What is r(q)?
6
Let s(h) = -2*h - 6. Let d(q) = -q + 1. Let a(z) = d(z) + s(z). Let r = -4 - -7. Let u be 1/(r/(-4))*3. Determine a(u).
7
Let u(v) = 6*v - 1. Let k be u(1). Let w(j) = k*j + 1 - j**2 + j - 5*j. What is w(1)?
1
Suppose -5*t + 2*o + 2 = 3*o, -5*o - 15 = 0. Let g(i) = -t + 1 - 6 - 2*i. What is g(-4)?
2
Suppose -55 = -4*n + 1. Let y = n + -3. Suppose 0 = 3*v + b - y, 4*v - 11 = -b + 5. Let z(h) = h**2 - 7*h + 5. Determine z(v).
-5
Let o(m) = 2*m - 8. Let n(p) = -p + 4. Suppose 28 = 2*j + 2*j. Let t(x) = j*n(x) + 3*o(x). Determine t(6).
-2
Let p(u) = 5*u + 2. Let v(j) = -j**2 + 3*j + 6. Let z be v(4). Calculate p(z).
12
Suppose 0 = -3*h - 7 + 19. Let c(t) be the first derivative of -t**4/4 + t**3 + 5*t**2/2 - 4*t - 24. What is c(h)?
0
Let w be 1*2 + (-2 - 1 - -5). Let l(d) = d**2 - 3*d + 3. What is l(w)?
7
Let k(t) = -5*t**2 - 2*t - 1. Let i(j) = -j**2 + 4*j - 5. Let a be i(2). Give k(a).
-4
Let m be 4/12 - 28/(-6). Let c(w) be the second derivative of -1/20*w**5 + 0*w**3 + 0 - 3/2*w**2 + 5/12*w**4 + w. Determine c(m).
-3
Let j(q) = -q - 9. Let y(t) = t + 5. Let u(p) = -3*j(p) - 5*y(p). Give u(-2).
6
Let s(v) = v**3 + 4*v**2 - 5*v + 2. Suppose 14 + 1 = -3*z. Calculate s(z).
2
Suppose -3*w = -3*s - 9, -5*w = -4*w - 2*s - 3. Suppose w*j - 6 - 3 = 0. Let x(u) = 0*u - u - 1 - j. Calculate x(3).
-7
Let l(f) = f**3 + 5*f**2 - 6. Let b(o) = -1. Suppose z - 4 = 5*z. Let n(a) = z*l(a) + 5*b(a). Give n(-3).
-17
Let l(i) = -5*i + 6. Suppose 2*z - 4*a - 6 = 0, -z - 3*z - 2*a + 22 = 0. Determine l(z).
-19
Let u(v) = 4*v**2 + 12*v + 13. Let i(n) = -5*n**2 - 11*n - 12. Let f(d) = -5*i(d) - 6*u(d). Let m be f(18). Let b(l) = -l - 12. Determine b(m).
-12
Suppose -5*n - u - 10 = 0, 1 = 4*n - u - 0. Let c(f) = -5*f**2. Determine c(n).
-5
Let u(j) = -3*j - 5 + 6*j**2 - 5*j**2 + 2. Suppose -3*n + 4*g + 2 = 4, -n - 1 = -g. Give u(n).
7
Suppose 0 = -2*i + 2*m - 12, 0 = -4*i + 3*i - m - 4. Let g(l) = 4*l**2 - 5 + 4*l - 11*l**2 + 8*l**2 - l. Give g(i).
5
Let i(h) = 9*h. Let d(p) = -5*p. Let f(q) = -7*d(q) - 4*i(q). What is f(4)?
-4
Suppose 6*j - 2*j - 6 = -5*p, 2*p - 2*j = 6. Let g(s) = 2*s**3 - 2*s**2 + 2*s - 1. Give g(p).
11
Let t(q) be the second derivative of -q**5/20 - q**4/6 + q**2/2 + 4*q. Determine t(2).
-15
Let z(k) = k**3 - k**2 - k - 4. Let y be z(0). Let i(w) = w - 1. Suppose 8*u = 3*u - 20. Let d(q) = -q + 1. Let a(s) = u*i(s) - 3*d(s). What is a(y)?
5
Let d(w) = w**2 - w + 2. Let m = -2 + 2. Suppose 4*k - 1 + 5 = m. Let c be 0 + (2 - (k - -3)). Calculate d(c).
2
Suppose -23*l + 4 = -19*l. Let n(x) = x**2 - 2*x + 1. Give n(l).
0
Let g(a) = a**3 + 3*a**2 + 4*a. Let z(v) = -v**3 - 3*v**2 - 4*v + 1. Let t(m) = -5*g(m) - 4*z(m). Calculate t(-3).
8
Let a(n) = n**2 - 3*n + 1. Suppose -11*q = -8*q - 9. What is a(q)?
1
Let o(l) = -10*l - 8. Let y(h) = 3*h + 3. Let f(m) = 2*o(m) + 7*y(m). Determine f(-7).
-2
Let m(z) = 2*z + 3. Let o(l) = 2*l + 4. Let w(i) = 2*m(i) - 3*o(i). What is w(-6)?
6
Suppose 25 = -z + 6*z. Let k(t) = -3*t + z*t**2 - 2*t**2 + 4*t - t**2 + 1. Calculate k(-1).
2
Let m(a) = 2*a. Suppose 0 = -5*f + 3 - 23. Determine m(f).
-8
Let g(r) = 2*r + 4*r + 11 - 5*r. Give g(-6).
5
Let o(v) = -v**2 - 2*v + 3. Let w = 27 - 25. Suppose 12 = -3*r, -2*c + 14 = -3*r - w*r. What is o(c)?
0
Let s(k) = 7*k**2 - 7*k - 4. Let l(n) = -n**2 + n + 1. Let z(p) = -6*l(p) - s(p). Give z(2).
-4
Suppose -5*c - 27 = -2*n - 11, 0 = 3*c - 2*n + 12. Let h be -3 - (4 + -1 + c). Let b(r) = -r**3 - 3*r**2 + 4*r - 5. Give b(h).
-5
Let v(a) be the third derivative of 0 + 3*a**2 + 0*a - 1/6*a**3 + 1/120*a**6 - 1/30*a**5 - 1/8*a**4. Determine v(-2).
-11
Suppose -4 = -5*h + 16. Suppose 0 = -3*k + 11 + h. Let l(q) = q - 3. Calculate l(k).
2
Let z be 10/(-125)*5 - (-2)/5. Let v(k) be the first derivative of -2 - 1/2*k**2 + 1/3*k**3 + z*k. Calculate v(1).
0
Let v(c) be the second derivative of -c**6/720 - c**5/20 + 5*c**4/12 - 4*c. Let y(j) be the third derivative of v(j). Calculate y(6).
-12
Let l(n) be the third derivative of 7/60*n**5 + 0*n + 3*n*